{"id":205,"date":"2023-09-21T22:31:23","date_gmt":"2023-09-21T20:31:23","guid":{"rendered":"https:\/\/saintjeanceramique.fr\/?page_id=205"},"modified":"2026-03-17T13:06:09","modified_gmt":"2026-03-17T12:06:09","slug":"contact","status":"publish","type":"page","link":"https:\/\/saintjeanceramique.fr\/index.php\/contact\/","title":{"rendered":"Qui sommes-nous ?"},"content":{"rendered":"<p><strong>Daniel Portalez et Chantal Ducasse<\/strong><\/p>\n<p><img loading=\"lazy\" decoding=\"async\" class=\"alignnone size-medium wp-image-220\" src=\"https:\/\/saintjeanceramique.fr\/wp-content\/uploads\/2023\/09\/20230923_172623b-1-261x300.jpg\" alt=\"\" width=\"261\" height=\"300\" srcset=\"https:\/\/saintjeanceramique.fr\/wp-content\/uploads\/2023\/09\/20230923_172623b-1-261x300.jpg 261w, https:\/\/saintjeanceramique.fr\/wp-content\/uploads\/2023\/09\/20230923_172623b-1-892x1024.jpg 892w, https:\/\/saintjeanceramique.fr\/wp-content\/uploads\/2023\/09\/20230923_172623b-1-768x881.jpg 768w, https:\/\/saintjeanceramique.fr\/wp-content\/uploads\/2023\/09\/20230923_172623b-1-1339x1536.jpg 1339w, https:\/\/saintjeanceramique.fr\/wp-content\/uploads\/2023\/09\/20230923_172623b-1-1785x2048.jpg 1785w, https:\/\/saintjeanceramique.fr\/wp-content\/uploads\/2023\/09\/20230923_172623b-1-1000x1148.jpg 1000w, https:\/\/saintjeanceramique.fr\/wp-content\/uploads\/2023\/09\/20230923_172623b-1-230x264.jpg 230w, https:\/\/saintjeanceramique.fr\/wp-content\/uploads\/2023\/09\/20230923_172623b-1-350x402.jpg 350w, https:\/\/saintjeanceramique.fr\/wp-content\/uploads\/2023\/09\/20230923_172623b-1-480x551.jpg 480w, https:\/\/saintjeanceramique.fr\/wp-content\/uploads\/2023\/09\/20230923_172623b-1-800x918.jpg 800w\" sizes=\"auto, (max-width: 261px) 100vw, 261px\" \/><\/p>\n<p>Notre atelier se situe \u00e0 <strong>Aucamville au sud du Tarn-et-Garonne <\/strong>dans un hameau appel\u00e9 <strong>Mont-Saint-Jean<\/strong> dont nous avons baptis\u00e9 notre site.<\/p>\n<p>Nous utilisons du gr\u00e8s pour le tournage, le montage au colombin, la sculpture et le modelage d&#8217;objets utilitaires ou de d\u00e9coration. Une premi\u00e8re cuisson est faite \u00e0 basse temp\u00e9rature \u00e0 980\u00b0 dans des fours \u00e9lectriques. Apr\u00e8s application d&#8217;\u00e9maux , une deuxi\u00e8me cuisson est r\u00e9alis\u00e9e \u00e0 haute temp\u00e9rature \u00e0 1200-1280\u00b0 . Ceci rend les objets imperm\u00e9ables \u00e0 l&#8217;eau et r\u00e9sistants aux chocs thermiques.<\/p>\n<p>Nous ne pr\u00e9sentons sur ce site que les poteries utilitaires recouvertes d&#8217;\u00e9maux dont les tests en laboratoire. Ces tests\u00a0 garantissent leur innocuit\u00e9 pour un usage alimentaire. Elles sont robustes, ne s&#8217;alt\u00e8rent pas au contact des couteaux et fourchettes et ne se d\u00e9gradent pas au lave-vaisselle ou au micro-onde. De plus, il n&#8217;y a pas de transfert de substance dans les aliments.<\/p>\n<p>Pour en savoir plus sur nous et sur notre travail vous pouvez consulter notre blog: <strong>http:\/\/potsquichantent.fr<\/strong> . Vous y trouverez les test de laboratoire des \u00e9maux. Nous y d\u00e9crivons aussi au jour le jour nos exp\u00e9riences, nos \u00e9checs, nos attentes, nos rencontres, un peu comme un journal de bord.<\/p>\n<p>Contact : dportalez@gmail.com<\/p>\n<p>potsquichantent@gmail.com<\/p>\n<p>Mob. 06 08 32 08 88<\/p>\n","protected":false},"excerpt":{"rendered":"<p>Daniel Portalez et Chantal Ducasse Notre atelier se situe \u00e0 Aucamville au sud du Tarn-et-Garonne dans un hameau appel\u00e9 Mont-Saint-Jean dont nous [&hellip;]<\/p>\n","protected":false},"author":1,"featured_media":0,"parent":0,"menu_order":0,"comment_status":"closed","ping_status":"closed","template":"","meta":{"footnotes":""},"class_list":["post-205","page","type-page","status-publish","hentry"],"yoast_head":"<!-- This site is optimized with the Yoast SEO plugin v27.5 - https:\/\/yoast.com\/product\/yoast-seo-wordpress\/ -->\n<title>Qui sommes-nous ? - Saint-Jean C\u00e9ramique<\/title>\n<meta name=\"robots\" content=\"index, follow, max-snippet:-1, max-image-preview:large, max-video-preview:-1\" \/>\n<link rel=\"canonical\" href=\"https:\/\/saintjeanceramique.fr\/index.php\/contact\/\" \/>\n<meta property=\"og:locale\" content=\"en_US\" \/>\n<meta property=\"og:type\" content=\"article\" \/>\n<meta property=\"og:title\" content=\"Qui sommes-nous ? - Saint-Jean C\u00e9ramique\" \/>\n<meta property=\"og:description\" content=\"Daniel Portalez et Chantal Ducasse Notre atelier se situe \u00e0 Aucamville au sud du Tarn-et-Garonne dans un hameau appel\u00e9 Mont-Saint-Jean dont nous [&hellip;]\" \/>\n<meta property=\"og:url\" content=\"https:\/\/saintjeanceramique.fr\/index.php\/contact\/\" \/>\n<meta property=\"og:site_name\" content=\"Saint-Jean C\u00e9ramique\" \/>\n<meta property=\"article:modified_time\" content=\"2026-03-17T12:06:09+00:00\" \/>\n<meta property=\"og:image\" content=\"https:\/\/saintjeanceramique.fr\/wp-content\/uploads\/2023\/09\/20230923_172623b-1.jpg\" \/>\n\t<meta property=\"og:image:width\" content=\"2169\" \/>\n\t<meta property=\"og:image:height\" content=\"2489\" \/>\n\t<meta property=\"og:image:type\" content=\"image\/jpeg\" \/>\n<meta name=\"twitter:card\" content=\"summary_large_image\" \/>\n<meta name=\"twitter:label1\" content=\"Est. reading time\" \/>\n\t<meta name=\"twitter:data1\" content=\"2 minutes\" \/>\n<script type=\"application\/ld+json\" class=\"yoast-schema-graph\">{\"@context\":\"https:\\\/\\\/schema.org\",\"@graph\":[{\"@type\":\"WebPage\",\"@id\":\"https:\\\/\\\/saintjeanceramique.fr\\\/index.php\\\/contact\\\/\",\"url\":\"https:\\\/\\\/saintjeanceramique.fr\\\/index.php\\\/contact\\\/\",\"name\":\"Qui sommes-nous ? - Saint-Jean C\u00e9ramique\",\"isPartOf\":{\"@id\":\"https:\\\/\\\/saintjeanceramique.fr\\\/#website\"},\"primaryImageOfPage\":{\"@id\":\"https:\\\/\\\/saintjeanceramique.fr\\\/index.php\\\/contact\\\/#primaryimage\"},\"image\":{\"@id\":\"https:\\\/\\\/saintjeanceramique.fr\\\/index.php\\\/contact\\\/#primaryimage\"},\"thumbnailUrl\":\"https:\\\/\\\/saintjeanceramique.fr\\\/wp-content\\\/uploads\\\/2023\\\/09\\\/20230923_172623b-1-261x300.jpg\",\"datePublished\":\"2023-09-21T20:31:23+00:00\",\"dateModified\":\"2026-03-17T12:06:09+00:00\",\"breadcrumb\":{\"@id\":\"https:\\\/\\\/saintjeanceramique.fr\\\/index.php\\\/contact\\\/#breadcrumb\"},\"inLanguage\":\"en-US\",\"potentialAction\":[{\"@type\":\"ReadAction\",\"target\":[\"https:\\\/\\\/saintjeanceramique.fr\\\/index.php\\\/contact\\\/\"]}]},{\"@type\":\"ImageObject\",\"inLanguage\":\"en-US\",\"@id\":\"https:\\\/\\\/saintjeanceramique.fr\\\/index.php\\\/contact\\\/#primaryimage\",\"url\":\"https:\\\/\\\/saintjeanceramique.fr\\\/wp-content\\\/uploads\\\/2023\\\/09\\\/20230923_172623b-1.jpg\",\"contentUrl\":\"https:\\\/\\\/saintjeanceramique.fr\\\/wp-content\\\/uploads\\\/2023\\\/09\\\/20230923_172623b-1.jpg\",\"width\":2169,\"height\":2489},{\"@type\":\"BreadcrumbList\",\"@id\":\"https:\\\/\\\/saintjeanceramique.fr\\\/index.php\\\/contact\\\/#breadcrumb\",\"itemListElement\":[{\"@type\":\"ListItem\",\"position\":1,\"name\":\"Accueil\",\"item\":\"https:\\\/\\\/saintjeanceramique.fr\\\/\"},{\"@type\":\"ListItem\",\"position\":2,\"name\":\"Qui sommes-nous ?\"}]},{\"@type\":\"WebSite\",\"@id\":\"https:\\\/\\\/saintjeanceramique.fr\\\/#website\",\"url\":\"https:\\\/\\\/saintjeanceramique.fr\\\/\",\"name\":\"Saint-Jean C\u00e9ramique\",\"description\":\"Donner corps \u00e0 la p\u00e2te et la rev\u00eatir avec go\u00fbt  \",\"potentialAction\":[{\"@type\":\"SearchAction\",\"target\":{\"@type\":\"EntryPoint\",\"urlTemplate\":\"https:\\\/\\\/saintjeanceramique.fr\\\/?s={search_term_string}\"},\"query-input\":{\"@type\":\"PropertyValueSpecification\",\"valueRequired\":true,\"valueName\":\"search_term_string\"}}],\"inLanguage\":\"en-US\"}]}<\/script>\n<!-- \/ Yoast SEO plugin. -->","yoast_head_json":{"title":"Qui sommes-nous ? - Saint-Jean C\u00e9ramique","robots":{"index":"index","follow":"follow","max-snippet":"max-snippet:-1","max-image-preview":"max-image-preview:large","max-video-preview":"max-video-preview:-1"},"canonical":"https:\/\/saintjeanceramique.fr\/index.php\/contact\/","og_locale":"en_US","og_type":"article","og_title":"Qui sommes-nous ? - Saint-Jean C\u00e9ramique","og_description":"Daniel Portalez et Chantal Ducasse Notre atelier se situe \u00e0 Aucamville au sud du Tarn-et-Garonne dans un hameau appel\u00e9 Mont-Saint-Jean dont nous [&hellip;]","og_url":"https:\/\/saintjeanceramique.fr\/index.php\/contact\/","og_site_name":"Saint-Jean C\u00e9ramique","article_modified_time":"2026-03-17T12:06:09+00:00","og_image":[{"width":2169,"height":2489,"url":"https:\/\/saintjeanceramique.fr\/wp-content\/uploads\/2023\/09\/20230923_172623b-1.jpg","type":"image\/jpeg"}],"twitter_card":"summary_large_image","twitter_misc":{"Est. reading time":"2 minutes"},"schema":{"@context":"https:\/\/schema.org","@graph":[{"@type":"WebPage","@id":"https:\/\/saintjeanceramique.fr\/index.php\/contact\/","url":"https:\/\/saintjeanceramique.fr\/index.php\/contact\/","name":"Qui sommes-nous ? - Saint-Jean C\u00e9ramique","isPartOf":{"@id":"https:\/\/saintjeanceramique.fr\/#website"},"primaryImageOfPage":{"@id":"https:\/\/saintjeanceramique.fr\/index.php\/contact\/#primaryimage"},"image":{"@id":"https:\/\/saintjeanceramique.fr\/index.php\/contact\/#primaryimage"},"thumbnailUrl":"https:\/\/saintjeanceramique.fr\/wp-content\/uploads\/2023\/09\/20230923_172623b-1-261x300.jpg","datePublished":"2023-09-21T20:31:23+00:00","dateModified":"2026-03-17T12:06:09+00:00","breadcrumb":{"@id":"https:\/\/saintjeanceramique.fr\/index.php\/contact\/#breadcrumb"},"inLanguage":"en-US","potentialAction":[{"@type":"ReadAction","target":["https:\/\/saintjeanceramique.fr\/index.php\/contact\/"]}]},{"@type":"ImageObject","inLanguage":"en-US","@id":"https:\/\/saintjeanceramique.fr\/index.php\/contact\/#primaryimage","url":"https:\/\/saintjeanceramique.fr\/wp-content\/uploads\/2023\/09\/20230923_172623b-1.jpg","contentUrl":"https:\/\/saintjeanceramique.fr\/wp-content\/uploads\/2023\/09\/20230923_172623b-1.jpg","width":2169,"height":2489},{"@type":"BreadcrumbList","@id":"https:\/\/saintjeanceramique.fr\/index.php\/contact\/#breadcrumb","itemListElement":[{"@type":"ListItem","position":1,"name":"Accueil","item":"https:\/\/saintjeanceramique.fr\/"},{"@type":"ListItem","position":2,"name":"Qui sommes-nous ?"}]},{"@type":"WebSite","@id":"https:\/\/saintjeanceramique.fr\/#website","url":"https:\/\/saintjeanceramique.fr\/","name":"Saint-Jean C\u00e9ramique","description":"Donner corps \u00e0 la p\u00e2te et la rev\u00eatir avec go\u00fbt  ","potentialAction":[{"@type":"SearchAction","target":{"@type":"EntryPoint","urlTemplate":"https:\/\/saintjeanceramique.fr\/?s={search_term_string}"},"query-input":{"@type":"PropertyValueSpecification","valueRequired":true,"valueName":"search_term_string"}}],"inLanguage":"en-US"}]}},"_links":{"self":[{"href":"https:\/\/saintjeanceramique.fr\/index.php\/wp-json\/wp\/v2\/pages\/205","targetHints":{"allow":["GET"]}}],"collection":[{"href":"https:\/\/saintjeanceramique.fr\/index.php\/wp-json\/wp\/v2\/pages"}],"about":[{"href":"https:\/\/saintjeanceramique.fr\/index.php\/wp-json\/wp\/v2\/types\/page"}],"author":[{"embeddable":true,"href":"https:\/\/saintjeanceramique.fr\/index.php\/wp-json\/wp\/v2\/users\/1"}],"replies":[{"embeddable":true,"href":"https:\/\/saintjeanceramique.fr\/index.php\/wp-json\/wp\/v2\/comments?post=205"}],"version-history":[{"count":8,"href":"https:\/\/saintjeanceramique.fr\/index.php\/wp-json\/wp\/v2\/pages\/205\/revisions"}],"predecessor-version":[{"id":297,"href":"https:\/\/saintjeanceramique.fr\/index.php\/wp-json\/wp\/v2\/pages\/205\/revisions\/297"}],"wp:attachment":[{"href":"https:\/\/saintjeanceramique.fr\/index.php\/wp-json\/wp\/v2\/media?parent=205"}],"curies":[{"name":"wp","href":"https:\/\/api.w.org\/{rel}","templated":true}]}}

<p><strong>Daniel Portalez et Chantal Ducasse</strong></p>
<p><img loading="lazy" decoding="async" class="alignnone size-medium wp-image-220" src="https://saintjeanceramique.fr/wp-content/uploads/2023/09/20230923_172623b-1-261x300.jpg" alt="" width="261" height="300" srcset="https://saintjeanceramique.fr/wp-content/uploads/2023/09/20230923_172623b-1-261x300.jpg 261w, https://saintjeanceramique.fr/wp-content/uploads/2023/09/20230923_172623b-1-892x1024.jpg 892w, https://saintjeanceramique.fr/wp-content/uploads/2023/09/20230923_172623b-1-768x881.jpg 768w, https://saintjeanceramique.fr/wp-content/uploads/2023/09/20230923_172623b-1-1339x1536.jpg 1339w, https://saintjeanceramique.fr/wp-content/uploads/2023/09/20230923_172623b-1-1785x2048.jpg 1785w, https://saintjeanceramique.fr/wp-content/uploads/2023/09/20230923_172623b-1-1000x1148.jpg 1000w, https://saintjeanceramique.fr/wp-content/uploads/2023/09/20230923_172623b-1-230x264.jpg 230w, https://saintjeanceramique.fr/wp-content/uploads/2023/09/20230923_172623b-1-350x402.jpg 350w, https://saintjeanceramique.fr/wp-content/uploads/2023/09/20230923_172623b-1-480x551.jpg 480w, https://saintjeanceramique.fr/wp-content/uploads/2023/09/20230923_172623b-1-800x918.jpg 800w" sizes="auto, (max-width: 261px) 100vw, 261px" /></p>
<p>Notre atelier se situe à <strong>Aucamville au sud du Tarn-et-Garonne </strong>dans un hameau appelé <strong>Mont-Saint-Jean</strong> dont nous avons baptisé notre site.</p>
<p>Nous utilisons du grès pour le tournage, le montage au colombin, la sculpture et le modelage d&#8217;objets utilitaires ou de décoration. Une première cuisson est faite à basse température à 980° dans des fours électriques. Après application d&#8217;émaux , une deuxième cuisson est réalisée à haute température à 1200-1280° . Ceci rend les objets imperméables à l&#8217;eau et résistants aux chocs thermiques.</p>
<p>Nous ne présentons sur ce site que les poteries utilitaires recouvertes d&#8217;émaux dont les tests en laboratoire. Ces tests  garantissent leur innocuité pour un usage alimentaire. Elles sont robustes, ne s&#8217;altèrent pas au contact des couteaux et fourchettes et ne se dégradent pas au lave-vaisselle ou au micro-onde. De plus, il n&#8217;y a pas de transfert de substance dans les aliments.</p>
<p>Pour en savoir plus sur nous et sur notre travail vous pouvez consulter notre blog: <strong>http://potsquichantent.fr</strong> . Vous y trouverez les test de laboratoire des émaux. Nous y décrivons aussi au jour le jour nos expériences, nos échecs, nos attentes, nos rencontres, un peu comme un journal de bord.</p>
<p>Contact : dportalez@gmail.com</p>
<p>potsquichantent@gmail.com</p>
<p>Mob. 06 08 32 08 88</p>

<p>Daniel Portalez et Chantal Ducasse Notre atelier se situe à Aucamville au sud du Tarn-et-Garonne dans un hameau appelé Mont-Saint-Jean dont nous [&hellip;]</p>

<!-- This site is optimized with the Yoast SEO plugin v27.5 - https://yoast.com/product/yoast-seo-wordpress/ -->
<title>Qui sommes-nous ? - Saint-Jean Céramique</title>
<meta name="robots" content="index, follow, max-snippet:-1, max-image-preview:large, max-video-preview:-1" />
<link rel="canonical" href="https://saintjeanceramique.fr/index.php/contact/" />
<meta property="og:locale" content="en_US" />
<meta property="og:type" content="article" />
<meta property="og:title" content="Qui sommes-nous ? - Saint-Jean Céramique" />
<meta property="og:description" content="Daniel Portalez et Chantal Ducasse Notre atelier se situe à Aucamville au sud du Tarn-et-Garonne dans un hameau appelé Mont-Saint-Jean dont nous [&hellip;]" />
<meta property="og:url" content="https://saintjeanceramique.fr/index.php/contact/" />
<meta property="og:site_name" content="Saint-Jean Céramique" />
<meta property="article:modified_time" content="2026-03-17T12:06:09+00:00" />
<meta property="og:image" content="https://saintjeanceramique.fr/wp-content/uploads/2023/09/20230923_172623b-1.jpg" />
	<meta property="og:image:width" content="2169" />
	<meta property="og:image:height" content="2489" />
	<meta property="og:image:type" content="image/jpeg" />
<meta name="twitter:card" content="summary_large_image" />
<meta name="twitter:label1" content="Est. reading time" />
	<meta name="twitter:data1" content="2 minutes" />
<script type="application/ld+json" class="yoast-schema-graph">{"@context":"https:\/\/schema.org","@graph":[{"@type":"WebPage","@id":"https:\/\/saintjeanceramique.fr\/index.php\/contact\/","url":"https:\/\/saintjeanceramique.fr\/index.php\/contact\/","name":"Qui sommes-nous ? - Saint-Jean Céramique","isPartOf":{"@id":"https:\/\/saintjeanceramique.fr\/#website"},"primaryImageOfPage":{"@id":"https:\/\/saintjeanceramique.fr\/index.php\/contact\/#primaryimage"},"image":{"@id":"https:\/\/saintjeanceramique.fr\/index.php\/contact\/#primaryimage"},"thumbnailUrl":"https:\/\/saintjeanceramique.fr\/wp-content\/uploads\/2023\/09\/20230923_172623b-1-261x300.jpg","datePublished":"2023-09-21T20:31:23+00:00","dateModified":"2026-03-17T12:06:09+00:00","breadcrumb":{"@id":"https:\/\/saintjeanceramique.fr\/index.php\/contact\/#breadcrumb"},"inLanguage":"en-US","potentialAction":[{"@type":"ReadAction","target":["https:\/\/saintjeanceramique.fr\/index.php\/contact\/"]}]},{"@type":"ImageObject","inLanguage":"en-US","@id":"https:\/\/saintjeanceramique.fr\/index.php\/contact\/#primaryimage","url":"https:\/\/saintjeanceramique.fr\/wp-content\/uploads\/2023\/09\/20230923_172623b-1.jpg","contentUrl":"https:\/\/saintjeanceramique.fr\/wp-content\/uploads\/2023\/09\/20230923_172623b-1.jpg","width":2169,"height":2489},{"@type":"BreadcrumbList","@id":"https:\/\/saintjeanceramique.fr\/index.php\/contact\/#breadcrumb","itemListElement":[{"@type":"ListItem","position":1,"name":"Accueil","item":"https:\/\/saintjeanceramique.fr\/"},{"@type":"ListItem","position":2,"name":"Qui sommes-nous ?"}]},{"@type":"WebSite","@id":"https:\/\/saintjeanceramique.fr\/#website","url":"https:\/\/saintjeanceramique.fr\/","name":"Saint-Jean Céramique","description":"Donner corps à la pâte et la revêtir avec goût  ","potentialAction":[{"@type":"SearchAction","target":{"@type":"EntryPoint","urlTemplate":"https:\/\/saintjeanceramique.fr\/?s={search_term_string}"},"query-input":{"@type":"PropertyValueSpecification","valueRequired":true,"valueName":"search_term_string"}}],"inLanguage":"en-US"}]}</script>
<!-- / Yoast SEO plugin. -->

Qui sommes-nous ? - Saint-Jean Céramique

Daniel Portalez et Chantal Ducasse Notre atelier se situe à Aucamville au sud du Tarn-et-Garonne dans un hameau appelé Mont-Saint-Jean dont nous [&hellip;]

Saint-Jean Céramique

Donner corps à la pâte et la revêtir avec goût
